{"id":21744,"date":"2023-01-03T21:01:36","date_gmt":"2023-01-03T21:01:36","guid":{"rendered":"https:\/\/afrofoodblog.ca\/?page_id=21744"},"modified":"2023-01-07T21:37:45","modified_gmt":"2023-01-07T21:37:45","slug":"evenements","status":"publish","type":"page","link":"https:\/\/afrofoodblog.ca\/index.php\/evenements\/","title":{"rendered":"\u00c9v\u00e9nements"},"content":{"rendered":"<section class=\"wpb-content-wrapper\"><p>[vc_row][vc_column][vc_message]Il y a aucun \u00e9v\u00e9nement pour l&#8217;instant ![\/vc_message][\/vc_column][\/vc_row][vc_row][vc_column css=&#8221;.vc_custom_1672781608573{background-image: url(http:\/\/afrofoodblog.ca\/wp-content\/uploads\/2022\/12\/fuj-3.png?id=21275) !important;}&#8221;][vc_hoverbox image=&#8221;21282&#8243; primary_title=&#8221;&#8221; hover_title=&#8221;Plusieurs \u00e9v\u00e9nements \u00e0 venir&#8230;&#8221; el_width=&#8221;70&#8243;]Dans le but de promouvoir les acteurs \u00e9conomiques qu\u00e9b\u00e9cois \u0153uvrant dans le secteur de la gastronomie afro, Afrofood vous propose des \u00e9v\u00e9nements culinaires festifs adapt\u00e9s aux quatre saisons.[\/vc_hoverbox][\/vc_column][\/vc_row][vc_row][vc_column][vc_tta_tour][vc_tta_section title=&#8221;\u00c9v\u00e9nements&#8221; tab_id=&#8221;1672889070194-07c9bf86-7888&#8243;][vc_column_text]Dans le but de promouvoir les acteurs \u00e9conomiques qu\u00e9b\u00e9cois \u0153uvrant dans le secteur de la gastronomie afro, Afrofood vous propose des \u00e9v\u00e9nements culinaires festifs adapt\u00e9s aux quatre saisons.[\/vc_column_text][\/vc_tta_section][\/vc_tta_tour][\/vc_column][\/vc_row]<\/p>\n<\/section>","protected":false},"excerpt":{"rendered":"<p>[vc_row][vc_column][vc_message]Il y a aucun \u00e9v\u00e9nement pour l&#8217;instant ![\/vc_message][\/vc_column][\/vc_row][vc_row][vc_column css=&#8221;.vc_custom_1672781608573{background-image: url(http:\/\/afrofoodblog.ca\/wp-content\/uploads\/2022\/12\/fuj-3.png?id=21275) !important;}&#8221;][vc_hoverbox image=&#8221;21282&#8243; primary_title=&#8221;&#8221; hover_title=&#8221;Plusieurs \u00e9v\u00e9nements \u00e0 venir&#8230;&#8221; el_width=&#8221;70&#8243;]Dans le but de promouvoir les acteurs \u00e9conomiques qu\u00e9b\u00e9cois [&hellip;]<\/p>\n","protected":false},"author":1,"featured_media":0,"parent":0,"menu_order":0,"comment_status":"closed","ping_status":"closed","template":"","meta":{"footnotes":""},"class_list":["post-21744","page","type-page","status-publish","hentry"],"_links":{"self":[{"href":"https:\/\/afrofoodblog.ca\/index.php\/wp-json\/wp\/v2\/pages\/21744","targetHints":{"allow":["GET"]}}],"collection":[{"href":"https:\/\/afrofoodblog.ca\/index.php\/wp-json\/wp\/v2\/pages"}],"about":[{"href":"https:\/\/afrofoodblog.ca\/index.php\/wp-json\/wp\/v2\/types\/page"}],"author":[{"embeddable":true,"href":"https:\/\/afrofoodblog.ca\/index.php\/wp-json\/wp\/v2\/users\/1"}],"replies":[{"embeddable":true,"href":"https:\/\/afrofoodblog.ca\/index.php\/wp-json\/wp\/v2\/comments?post=21744"}],"version-history":[{"count":9,"href":"https:\/\/afrofoodblog.ca\/index.php\/wp-json\/wp\/v2\/pages\/21744\/revisions"}],"predecessor-version":[{"id":21826,"href":"https:\/\/afrofoodblog.ca\/index.php\/wp-json\/wp\/v2\/pages\/21744\/revisions\/21826"}],"wp:attachment":[{"href":"https:\/\/afrofoodblog.ca\/index.php\/wp-json\/wp\/v2\/media?parent=21744"}],"curies":[{"name":"wp","href":"https:\/\/api.w.org\/{rel}","templated":true}]}}